{"id":477,"date":"2023-02-15T14:12:17","date_gmt":"2023-02-15T13:12:17","guid":{"rendered":"https:\/\/hpc.sera-web.com\/?page_id=477"},"modified":"2024-06-06T09:10:53","modified_gmt":"2024-06-06T07:10:53","slug":"hochdruckaggregate","status":"publish","type":"page","link":"https:\/\/hpc.sera-web.com\/?page_id=477","title":{"rendered":"Hochdruckaggregate"},"content":{"rendered":"\t\t<div data-elementor-type=\"wp-page\" data-elementor-id=\"477\" class=\"elementor elementor-477\" data-elementor-post-type=\"page\">\n\t\t\t\t\t\t<section class=\"elementor-section elementor-top-section elementor-element elementor-element-74ee6c3c elementor-section-boxed elementor-section-height-default elementor-section-height-default\" data-id=\"74ee6c3c\" data-element_type=\"section\" data-e-type=\"section\">\n\t\t\t\t\t\t<div class=\"elementor-container elementor-column-gap-no\">\n\t\t\t\t\t<div class=\"elementor-column elementor-col-100 elementor-top-column elementor-element elementor-element-799da08b\" data-id=\"799da08b\" data-element_type=\"column\" data-e-type=\"column\">\n\t\t\t<div class=\"elementor-widget-wrap elementor-element-populated\">\n\t\t\t\t\t\t<div class=\"elementor-element elementor-element-2eaf040f elementor-widget elementor-widget-heading\" data-id=\"2eaf040f\" data-element_type=\"widget\" data-e-type=\"widget\" data-widget_type=\"heading.default\">\n\t\t\t\t<div class=\"elementor-widget-container\">\n\t\t\t\t\t<h1 class=\"elementor-heading-title elementor-size-default\">Hochdruckaggregate<\/h1>\t\t\t\t<\/div>\n\t\t\t\t<\/div>\n\t\t\t\t<div class=\"elementor-element elementor-element-3f62c624 elementor-widget elementor-widget-heading\" data-id=\"3f62c624\" data-element_type=\"widget\" data-e-type=\"widget\" data-widget_type=\"heading.default\">\n\t\t\t\t<div class=\"elementor-widget-container\">\n\t\t\t\t\t<h3 class=\"elementor-heading-title elementor-size-default\">F\u00fcr Hochdruckanwendungen<\/h3>\t\t\t\t<\/div>\n\t\t\t\t<\/div>\n\t\t\t\t<section class=\"elementor-section elementor-inner-section elementor-element elementor-element-5868f0ec elementor-section-boxed elementor-section-height-default elementor-section-height-default\" data-id=\"5868f0ec\" data-element_type=\"section\" data-e-type=\"section\">\n\t\t\t\t\t\t<div class=\"elementor-container elementor-column-gap-no\">\n\t\t\t\t\t<div class=\"elementor-column elementor-col-50 elementor-inner-column elementor-element elementor-element-5bfa2181\" data-id=\"5bfa2181\" data-element_type=\"column\" data-e-type=\"column\">\n\t\t\t<div class=\"elementor-widget-wrap elementor-element-populated\">\n\t\t\t\t\t\t<div class=\"elementor-element elementor-element-d1c01c2 elementor-widget elementor-widget-text-editor\" data-id=\"d1c01c2\" data-element_type=\"widget\" data-e-type=\"widget\" data-widget_type=\"text-editor.default\">\n\t\t\t\t<div class=\"elementor-widget-container\">\n\t\t\t\t\t\t\t\t\t<p>Die von uns bereitgestellte Hochdrucktechnik deckt die verschiedensten Anwendungsbereiche ab. Mit unseren Hochdruckaggregaten k\u00f6nnen wir die auf Kundenw\u00fcnschen ideal angepasste L\u00f6sung bereitstellen.<\/p>\t\t\t\t\t\t\t\t<\/div>\n\t\t\t\t<\/div>\n\t\t\t\t<div class=\"elementor-element elementor-element-1e39de38 elementor-widget elementor-widget-heading\" data-id=\"1e39de38\" data-element_type=\"widget\" data-e-type=\"widget\" data-widget_type=\"heading.default\">\n\t\t\t\t<div class=\"elementor-widget-container\">\n\t\t\t\t\t<h2 class=\"elementor-heading-title elementor-size-default\">Pumpe-Motor-Einheiten<\/h2>\t\t\t\t<\/div>\n\t\t\t\t<\/div>\n\t\t\t\t<div class=\"elementor-element elementor-element-39a53bcd elementor-widget elementor-widget-text-editor\" data-id=\"39a53bcd\" data-element_type=\"widget\" data-e-type=\"widget\" data-widget_type=\"text-editor.default\">\n\t\t\t\t<div class=\"elementor-widget-container\">\n\t\t\t\t\t\t\t\t\t<p>Die Basis-Konfiguration, auf der alle weiteren Aggregate aufgebaut werden, besteht aus einem Motor und der robusten und langlebigen Pumpe. Die Montage bzw. Befestigung dieser Einheit kann beliebig vom Kunden selbst getroffen werden.<\/p>\t\t\t\t\t\t\t\t<\/div>\n\t\t\t\t<\/div>\n\t\t\t\t<div class=\"elementor-element elementor-element-9b4d870 elementor-widget elementor-widget-heading\" data-id=\"9b4d870\" data-element_type=\"widget\" data-e-type=\"widget\" data-widget_type=\"heading.default\">\n\t\t\t\t<div class=\"elementor-widget-container\">\n\t\t\t\t\t<h2 class=\"elementor-heading-title elementor-size-default\">Aggregate<\/h2>\t\t\t\t<\/div>\n\t\t\t\t<\/div>\n\t\t\t\t<div class=\"elementor-element elementor-element-8fcc2c7 elementor-widget elementor-widget-text-editor\" data-id=\"8fcc2c7\" data-element_type=\"widget\" data-e-type=\"widget\" data-widget_type=\"text-editor.default\">\n\t\t\t\t<div class=\"elementor-widget-container\">\n\t\t\t\t\t\t\t\t\t<p>Die Erweiterung der Pumpen-Motor-Einheit um einen Rahmen erm\u00f6glicht ein problemloses Aufstellen des Aggregats. Durch das Baukastenprinzip ist es schon hier m\u00f6glich, mehrere Aggregate platzsparend kombiniert anzuordnen.<\/p>\t\t\t\t\t\t\t\t<\/div>\n\t\t\t\t<\/div>\n\t\t\t\t<div class=\"elementor-element elementor-element-8d056a6 elementor-widget elementor-widget-heading\" data-id=\"8d056a6\" data-element_type=\"widget\" data-e-type=\"widget\" data-widget_type=\"heading.default\">\n\t\t\t\t<div class=\"elementor-widget-container\">\n\t\t\t\t\t<h2 class=\"elementor-heading-title elementor-size-default\">Downloads<\/h2>\t\t\t\t<\/div>\n\t\t\t\t<\/div>\n\t\t\t\t<div class=\"elementor-element elementor-element-921c79e elementor-position-inline-start elementor-view-default elementor-mobile-position-block-start elementor-widget elementor-widget-icon-box\" data-id=\"921c79e\" data-element_type=\"widget\" data-e-type=\"widget\" data-widget_type=\"icon-box.default\">\n\t\t\t\t<div class=\"elementor-widget-container\">\n\t\t\t\t\t\t\t<div class=\"elementor-icon-box-wrapper\">\n\n\t\t\t\t\t\t<div class=\"elementor-icon-box-icon\">\n\t\t\t\t<a href=\"https:\/\/www.sera-web.com\/pdf\/hochdrucktechnik\/ms-4003_01_de_industrial-cleaning-technology.pdf\" target=\"_blank\" class=\"elementor-icon\" tabindex=\"-1\" aria-label=\"Produktinformation\">\n\t\t\t\t<i aria-hidden=\"true\" class=\"far fa-file-pdf\"><\/i>\t\t\t\t<\/a>\n\t\t\t<\/div>\n\t\t\t\n\t\t\t\t\t\t<div class=\"elementor-icon-box-content\">\n\n\t\t\t\t\t\t\t\t\t<h3 class=\"elementor-icon-box-title\">\n\t\t\t\t\t\t<a href=\"https:\/\/www.sera-web.com\/pdf\/hochdrucktechnik\/ms-4003_01_de_industrial-cleaning-technology.pdf\" target=\"_blank\" >\n\t\t\t\t\t\t\tProduktinformation\t\t\t\t\t\t<\/a>\n\t\t\t\t\t<\/h3>\n\t\t\t\t\n\t\t\t\t\n\t\t\t<\/div>\n\t\t\t\n\t\t<\/div>\n\t\t\t\t\t\t<\/div>\n\t\t\t\t<\/div>\n\t\t\t\t\t<\/div>\n\t\t<\/div>\n\t\t\t\t<div class=\"elementor-column elementor-col-50 elementor-inner-column elementor-element elementor-element-4be1cc8b\" data-id=\"4be1cc8b\" data-element_type=\"column\" data-e-type=\"column\">\n\t\t\t<div class=\"elementor-widget-wrap elementor-element-populated\">\n\t\t\t\t\t\t<div class=\"elementor-element elementor-element-485f182 elementor-widget elementor-widget-image-gallery\" data-id=\"485f182\" data-element_type=\"widget\" data-e-type=\"widget\" data-widget_type=\"image-gallery.default\">\n\t\t\t\t<div class=\"elementor-widget-container\">\n\t\t\t\t\t\t\t<div class=\"elementor-image-gallery\">\n\t\t\t<div id='gallery-1' class='gallery galleryid-477 gallery-columns-2 gallery-size-medium_large'><figure class='gallery-item'>\n\t\t\t<div class='gallery-icon portrait'>\n\t\t\t\t<a data-elementor-open-lightbox=\"yes\" data-elementor-lightbox-slideshow=\"485f182\" data-elementor-lightbox-title=\"Aggregat-ohne-Steuerung\" data-e-action-hash=\"#elementor-action%3Aaction%3Dlightbox%26settings%3DeyJpZCI6NjY5LCJ1cmwiOiJodHRwczpcL1wvaHBjLnNlcmEtd2ViLmNvbVwvd3AtY29udGVudFwvdXBsb2Fkc1wvMjAyM1wvMDNcL0FnZ3JlZ2F0LW9obmUtU3RldWVydW5nLnBuZyIsInNsaWRlc2hvdyI6IjQ4NWYxODIifQ%3D%3D\" href='https:\/\/hpc.sera-web.com\/wp-content\/uploads\/2023\/03\/Aggregat-ohne-Steuerung.png'><img fetchpriority=\"high\" decoding=\"async\" width=\"768\" height=\"995\" src=\"https:\/\/hpc.sera-web.com\/wp-content\/uploads\/2023\/03\/Aggregat-ohne-Steuerung-768x995.png\" class=\"attachment-medium_large size-medium_large\" alt=\"Hochdruckaggregate\" srcset=\"https:\/\/hpc.sera-web.com\/wp-content\/uploads\/2023\/03\/Aggregat-ohne-Steuerung-768x995.png 768w, https:\/\/hpc.sera-web.com\/wp-content\/uploads\/2023\/03\/Aggregat-ohne-Steuerung-231x300.png 231w, https:\/\/hpc.sera-web.com\/wp-content\/uploads\/2023\/03\/Aggregat-ohne-Steuerung-790x1024.png 790w, https:\/\/hpc.sera-web.com\/wp-content\/uploads\/2023\/03\/Aggregat-ohne-Steuerung.png 1000w\" sizes=\"(max-width: 768px) 100vw, 768px\" \/><\/a>\n\t\t\t<\/div><\/figure><figure class='gallery-item'>\n\t\t\t<div class='gallery-icon landscape'>\n\t\t\t\t<a data-elementor-open-lightbox=\"yes\" data-elementor-lightbox-slideshow=\"485f182\" data-elementor-lightbox-title=\"Motor_Pumpe\" data-e-action-hash=\"#elementor-action%3Aaction%3Dlightbox%26settings%3DeyJpZCI6NjgwLCJ1cmwiOiJodHRwczpcL1wvaHBjLnNlcmEtd2ViLmNvbVwvd3AtY29udGVudFwvdXBsb2Fkc1wvMjAyM1wvMDNcL01vdG9yX1B1bXBlLnBuZyIsInNsaWRlc2hvdyI6IjQ4NWYxODIifQ%3D%3D\" href='https:\/\/hpc.sera-web.com\/wp-content\/uploads\/2023\/03\/Motor_Pumpe.png'><img decoding=\"async\" width=\"768\" height=\"478\" src=\"https:\/\/hpc.sera-web.com\/wp-content\/uploads\/2023\/03\/Motor_Pumpe-768x478.png\" class=\"attachment-medium_large size-medium_large\" alt=\"Hochdruckaggregat mit schwarzem Motor\" srcset=\"https:\/\/hpc.sera-web.com\/wp-content\/uploads\/2023\/03\/Motor_Pumpe-768x478.png 768w, https:\/\/hpc.sera-web.com\/wp-content\/uploads\/2023\/03\/Motor_Pumpe-300x187.png 300w, https:\/\/hpc.sera-web.com\/wp-content\/uploads\/2023\/03\/Motor_Pumpe-1024x638.png 1024w, https:\/\/hpc.sera-web.com\/wp-content\/uploads\/2023\/03\/Motor_Pumpe.png 1500w\" sizes=\"(max-width: 768px) 100vw, 768px\" \/><\/a>\n\t\t\t<\/div><\/figure>\n\t\t<\/div>\n\t\t<\/div>\n\t\t\t\t\t\t<\/div>\n\t\t\t\t<\/div>\n\t\t\t\t<div class=\"elementor-element elementor-element-2f8d0412 elementor-align-center elementor-widget elementor-widget-button\" data-id=\"2f8d0412\" data-element_type=\"widget\" data-e-type=\"widget\" data-widget_type=\"button.default\">\n\t\t\t\t<div class=\"elementor-widget-container\">\n\t\t\t\t\t\t\t\t\t<div class=\"elementor-button-wrapper\">\n\t\t\t\t\t<a class=\"elementor-button elementor-button-link elementor-size-md elementor-animation-grow\" href=\"#elementor-action%3Aaction%3Dpopup%3Aopen%26settings%3DeyJpZCI6IjgzMiIsInRvZ2dsZSI6ZmFsc2V9\">\n\t\t\t\t\t\t<span class=\"elementor-button-content-wrapper\">\n\t\t\t\t\t\t\t\t\t<span class=\"elementor-button-text\">Rufen Sie uns an!<\/span>\n\t\t\t\t\t<\/span>\n\t\t\t\t\t<\/a>\n\t\t\t\t<\/div>\n\t\t\t\t\t\t\t\t<\/div>\n\t\t\t\t<\/div>\n\t\t\t\t\t<\/div>\n\t\t<\/div>\n\t\t\t\t\t<\/div>\n\t\t<\/section>\n\t\t\t\t\t<\/div>\n\t\t<\/div>\n\t\t\t\t\t<\/div>\n\t\t<\/section>\n\t\t\t\t<\/div>\n\t\t","protected":false},"excerpt":{"rendered":"<p>Hochdruckaggregate F\u00fcr Hochdruckanwendungen Die von uns bereitgestellte Hochdrucktechnik deckt die verschiedensten Anwendungsbereiche ab. Mit unseren Hochdruckaggregaten k\u00f6nnen wir die auf Kundenw\u00fcnschen ideal angepasste L\u00f6sung bereitstellen. Pumpe-Motor-Einheiten Die Basis-Konfiguration, auf der alle weiteren Aggregate aufgebaut werden, besteht aus einem Motor und der robusten und langlebigen Pumpe. Die Montage bzw. Befestigung dieser Einheit kann beliebig vom Kunden [&hellip;]<\/p>\n","protected":false},"author":1,"featured_media":1005,"parent":449,"menu_order":0,"comment_status":"closed","ping_status":"closed","template":"","meta":{"site-sidebar-layout":"no-sidebar","site-content-layout":"page-builder","ast-site-content-layout":"","site-content-style":"default","site-sidebar-style":"default","ast-global-header-display":"disabled","ast-banner-title-visibility":"","ast-main-header-display":"","ast-hfb-above-header-display":"","ast-hfb-below-header-display":"","ast-hfb-mobile-header-display":"","site-post-title":"disabled","ast-breadcrumbs-content":"","ast-featured-img":"disabled","footer-sml-layout":"disabled","theme-transparent-header-meta":"","adv-header-id-meta":"","stick-header-meta":"","header-above-stick-meta":"","header-main-stick-meta":"","header-below-stick-meta":"","astra-migrate-meta-layouts":"default","ast-page-background-enabled":"default","ast-page-background-meta":{"desktop":{"background-color":"var(--ast-global-color-4)","background-image":"","background-repeat":"repeat","background-position":"center center","background-size":"auto","background-attachment":"scroll","background-type":"","background-media":"","overlay-type":"","overlay-color":"","overlay-opacity":"","overlay-gradient":""},"tablet":{"background-color":"","background-image":"","background-repeat":"repeat","background-position":"center center","background-size":"auto","background-attachment":"scroll","background-type":"","background-media":"","overlay-type":"","overlay-color":"","overlay-opacity":"","overlay-gradient":""},"mobile":{"background-color":"","background-image":"","background-repeat":"repeat","background-position":"center center","background-size":"auto","background-attachment":"scroll","background-type":"","background-media":"","overlay-type":"","overlay-color":"","overlay-opacity":"","overlay-gradient":""}},"ast-content-background-meta":{"desktop":{"background-color":"var(--ast-global-color-5)","background-image":"","background-repeat":"repeat","background-position":"center center","background-size":"auto","background-attachment":"scroll","background-type":"","background-media":"","overlay-type":"","overlay-color":"","overlay-opacity":"","overlay-gradient":""},"tablet":{"background-color":"var(--ast-global-color-5)","background-image":"","background-repeat":"repeat","background-position":"center center","background-size":"auto","background-attachment":"scroll","background-type":"","background-media":"","overlay-type":"","overlay-color":"","overlay-opacity":"","overlay-gradient":""},"mobile":{"background-color":"var(--ast-global-color-5)","background-image":"","background-repeat":"repeat","background-position":"center center","background-size":"auto","background-attachment":"scroll","background-type":"","background-media":"","overlay-type":"","overlay-color":"","overlay-opacity":"","overlay-gradient":""}},"footnotes":""},"class_list":["post-477","page","type-page","status-publish","has-post-thumbnail","hentry"],"yoast_head":"<!-- This site is optimized with the Yoast SEO plugin v22.9 - https:\/\/yoast.com\/wordpress\/plugins\/seo\/ -->\n<title>Hochdruckaggregate - High Pressure Cleaning<\/title>\n<meta name=\"description\" content=\"Mit sera Hochdruckaggregaten k\u00f6nnen ideale Kundenw\u00fcnschen und angepasste L\u00f6sungen bereitgestellt werden.\" \/>\n<meta name=\"robots\" content=\"index, follow, max-snippet:-1, max-image-preview:large, max-video-preview:-1\" \/>\n<link rel=\"canonical\" href=\"https:\/\/hpc.sera-web.com\/?page_id=477\" \/>\n<meta property=\"og:locale\" content=\"de_DE\" \/>\n<meta property=\"og:type\" content=\"article\" \/>\n<meta property=\"og:title\" content=\"Hochdruckaggregate - High Pressure Cleaning\" \/>\n<meta property=\"og:description\" content=\"Mit sera Hochdruckaggregaten k\u00f6nnen ideale Kundenw\u00fcnschen und angepasste L\u00f6sungen bereitgestellt werden.\" \/>\n<meta property=\"og:url\" content=\"https:\/\/hpc.sera-web.com\/?page_id=477\" \/>\n<meta property=\"og:site_name\" content=\"High Pressure Cleaning\" \/>\n<meta property=\"article:modified_time\" content=\"2024-06-06T07:10:53+00:00\" \/>\n<meta property=\"og:image\" content=\"https:\/\/hpc.sera-web.com\/wp-content\/uploads\/2023\/03\/Aggregat-ohne-Steuerung-1.png\" \/>\n\t<meta property=\"og:image:width\" content=\"1296\" \/>\n\t<meta property=\"og:image:height\" content=\"1296\" \/>\n\t<meta property=\"og:image:type\" content=\"image\/png\" \/>\n<meta name=\"twitter:card\" content=\"summary_large_image\" \/>\n<meta name=\"twitter:label1\" content=\"Gesch\u00e4tzte Lesezeit\" \/>\n\t<meta name=\"twitter:data1\" content=\"1\u00a0Minute\" \/>\n<script type=\"application\/ld+json\" class=\"yoast-schema-graph\">{\"@context\":\"https:\/\/schema.org\",\"@graph\":[{\"@type\":\"WebPage\",\"@id\":\"https:\/\/hpc.sera-web.com\/?page_id=477\",\"url\":\"https:\/\/hpc.sera-web.com\/?page_id=477\",\"name\":\"Hochdruckaggregate - High Pressure Cleaning\",\"isPartOf\":{\"@id\":\"https:\/\/hpc.sera-web.com\/#website\"},\"primaryImageOfPage\":{\"@id\":\"https:\/\/hpc.sera-web.com\/?page_id=477#primaryimage\"},\"image\":{\"@id\":\"https:\/\/hpc.sera-web.com\/?page_id=477#primaryimage\"},\"thumbnailUrl\":\"https:\/\/hpc.sera-web.com\/wp-content\/uploads\/2023\/03\/Aggregat-ohne-Steuerung-1.png\",\"datePublished\":\"2023-02-15T13:12:17+00:00\",\"dateModified\":\"2024-06-06T07:10:53+00:00\",\"description\":\"Mit sera Hochdruckaggregaten k\u00f6nnen ideale Kundenw\u00fcnschen und angepasste L\u00f6sungen bereitgestellt werden.\",\"breadcrumb\":{\"@id\":\"https:\/\/hpc.sera-web.com\/?page_id=477#breadcrumb\"},\"inLanguage\":\"de\",\"potentialAction\":[{\"@type\":\"ReadAction\",\"target\":[\"https:\/\/hpc.sera-web.com\/?page_id=477\"]}]},{\"@type\":\"ImageObject\",\"inLanguage\":\"de\",\"@id\":\"https:\/\/hpc.sera-web.com\/?page_id=477#primaryimage\",\"url\":\"https:\/\/hpc.sera-web.com\/wp-content\/uploads\/2023\/03\/Aggregat-ohne-Steuerung-1.png\",\"contentUrl\":\"https:\/\/hpc.sera-web.com\/wp-content\/uploads\/2023\/03\/Aggregat-ohne-Steuerung-1.png\",\"width\":1296,\"height\":1296},{\"@type\":\"BreadcrumbList\",\"@id\":\"https:\/\/hpc.sera-web.com\/?page_id=477#breadcrumb\",\"itemListElement\":[{\"@type\":\"ListItem\",\"position\":1,\"name\":\"Startseite\",\"item\":\"https:\/\/hpc.sera-web.com\/\"},{\"@type\":\"ListItem\",\"position\":2,\"name\":\"Start\",\"item\":\"https:\/\/hpc.sera-web.com\/\"},{\"@type\":\"ListItem\",\"position\":3,\"name\":\"Reinigungstechnik\",\"item\":\"https:\/\/hpc.sera-web.com\/?page_id=449\"},{\"@type\":\"ListItem\",\"position\":4,\"name\":\"Hochdruckaggregate\"}]},{\"@type\":\"WebSite\",\"@id\":\"https:\/\/hpc.sera-web.com\/#website\",\"url\":\"https:\/\/hpc.sera-web.com\/\",\"name\":\"High Pressure Cleaning\",\"description\":\"sera GmbH\",\"publisher\":{\"@id\":\"https:\/\/hpc.sera-web.com\/#organization\"},\"potentialAction\":[{\"@type\":\"SearchAction\",\"target\":{\"@type\":\"EntryPoint\",\"urlTemplate\":\"https:\/\/hpc.sera-web.com\/?s={search_term_string}\"},\"query-input\":\"required name=search_term_string\"}],\"inLanguage\":\"de\"},{\"@type\":\"Organization\",\"@id\":\"https:\/\/hpc.sera-web.com\/#organization\",\"name\":\"sera Gruppe\",\"url\":\"https:\/\/hpc.sera-web.com\/\",\"logo\":{\"@type\":\"ImageObject\",\"inLanguage\":\"de\",\"@id\":\"https:\/\/hpc.sera-web.com\/#\/schema\/logo\/image\/\",\"url\":\"https:\/\/hpc.sera-web.com\/wp-content\/uploads\/2022\/06\/cropped-sera-icon.png\",\"contentUrl\":\"https:\/\/hpc.sera-web.com\/wp-content\/uploads\/2022\/06\/cropped-sera-icon.png\",\"width\":512,\"height\":512,\"caption\":\"sera Gruppe\"},\"image\":{\"@id\":\"https:\/\/hpc.sera-web.com\/#\/schema\/logo\/image\/\"}}]}<\/script>\n<!-- \/ Yoast SEO plugin. -->","yoast_head_json":{"title":"Hochdruckaggregate - High Pressure Cleaning","description":"Mit sera Hochdruckaggregaten k\u00f6nnen ideale Kundenw\u00fcnschen und angepasste L\u00f6sungen bereitgestellt werden.","robots":{"index":"index","follow":"follow","max-snippet":"max-snippet:-1","max-image-preview":"max-image-preview:large","max-video-preview":"max-video-preview:-1"},"canonical":"https:\/\/hpc.sera-web.com\/?page_id=477","og_locale":"de_DE","og_type":"article","og_title":"Hochdruckaggregate - High Pressure Cleaning","og_description":"Mit sera Hochdruckaggregaten k\u00f6nnen ideale Kundenw\u00fcnschen und angepasste L\u00f6sungen bereitgestellt werden.","og_url":"https:\/\/hpc.sera-web.com\/?page_id=477","og_site_name":"High Pressure Cleaning","article_modified_time":"2024-06-06T07:10:53+00:00","og_image":[{"width":1296,"height":1296,"url":"https:\/\/hpc.sera-web.com\/wp-content\/uploads\/2023\/03\/Aggregat-ohne-Steuerung-1.png","type":"image\/png"}],"twitter_card":"summary_large_image","twitter_misc":{"Gesch\u00e4tzte Lesezeit":"1\u00a0Minute"},"schema":{"@context":"https:\/\/schema.org","@graph":[{"@type":"WebPage","@id":"https:\/\/hpc.sera-web.com\/?page_id=477","url":"https:\/\/hpc.sera-web.com\/?page_id=477","name":"Hochdruckaggregate - High Pressure Cleaning","isPartOf":{"@id":"https:\/\/hpc.sera-web.com\/#website"},"primaryImageOfPage":{"@id":"https:\/\/hpc.sera-web.com\/?page_id=477#primaryimage"},"image":{"@id":"https:\/\/hpc.sera-web.com\/?page_id=477#primaryimage"},"thumbnailUrl":"https:\/\/hpc.sera-web.com\/wp-content\/uploads\/2023\/03\/Aggregat-ohne-Steuerung-1.png","datePublished":"2023-02-15T13:12:17+00:00","dateModified":"2024-06-06T07:10:53+00:00","description":"Mit sera Hochdruckaggregaten k\u00f6nnen ideale Kundenw\u00fcnschen und angepasste L\u00f6sungen bereitgestellt werden.","breadcrumb":{"@id":"https:\/\/hpc.sera-web.com\/?page_id=477#breadcrumb"},"inLanguage":"de","potentialAction":[{"@type":"ReadAction","target":["https:\/\/hpc.sera-web.com\/?page_id=477"]}]},{"@type":"ImageObject","inLanguage":"de","@id":"https:\/\/hpc.sera-web.com\/?page_id=477#primaryimage","url":"https:\/\/hpc.sera-web.com\/wp-content\/uploads\/2023\/03\/Aggregat-ohne-Steuerung-1.png","contentUrl":"https:\/\/hpc.sera-web.com\/wp-content\/uploads\/2023\/03\/Aggregat-ohne-Steuerung-1.png","width":1296,"height":1296},{"@type":"BreadcrumbList","@id":"https:\/\/hpc.sera-web.com\/?page_id=477#breadcrumb","itemListElement":[{"@type":"ListItem","position":1,"name":"Startseite","item":"https:\/\/hpc.sera-web.com\/"},{"@type":"ListItem","position":2,"name":"Start","item":"https:\/\/hpc.sera-web.com\/"},{"@type":"ListItem","position":3,"name":"Reinigungstechnik","item":"https:\/\/hpc.sera-web.com\/?page_id=449"},{"@type":"ListItem","position":4,"name":"Hochdruckaggregate"}]},{"@type":"WebSite","@id":"https:\/\/hpc.sera-web.com\/#website","url":"https:\/\/hpc.sera-web.com\/","name":"High Pressure Cleaning","description":"sera GmbH","publisher":{"@id":"https:\/\/hpc.sera-web.com\/#organization"},"potentialAction":[{"@type":"SearchAction","target":{"@type":"EntryPoint","urlTemplate":"https:\/\/hpc.sera-web.com\/?s={search_term_string}"},"query-input":"required name=search_term_string"}],"inLanguage":"de"},{"@type":"Organization","@id":"https:\/\/hpc.sera-web.com\/#organization","name":"sera Gruppe","url":"https:\/\/hpc.sera-web.com\/","logo":{"@type":"ImageObject","inLanguage":"de","@id":"https:\/\/hpc.sera-web.com\/#\/schema\/logo\/image\/","url":"https:\/\/hpc.sera-web.com\/wp-content\/uploads\/2022\/06\/cropped-sera-icon.png","contentUrl":"https:\/\/hpc.sera-web.com\/wp-content\/uploads\/2022\/06\/cropped-sera-icon.png","width":512,"height":512,"caption":"sera Gruppe"},"image":{"@id":"https:\/\/hpc.sera-web.com\/#\/schema\/logo\/image\/"}}]}},"_links":{"self":[{"href":"https:\/\/hpc.sera-web.com\/index.php?rest_route=\/wp\/v2\/pages\/477","targetHints":{"allow":["GET"]}}],"collection":[{"href":"https:\/\/hpc.sera-web.com\/index.php?rest_route=\/wp\/v2\/pages"}],"about":[{"href":"https:\/\/hpc.sera-web.com\/index.php?rest_route=\/wp\/v2\/types\/page"}],"author":[{"embeddable":true,"href":"https:\/\/hpc.sera-web.com\/index.php?rest_route=\/wp\/v2\/users\/1"}],"replies":[{"embeddable":true,"href":"https:\/\/hpc.sera-web.com\/index.php?rest_route=%2Fwp%2Fv2%2Fcomments&post=477"}],"version-history":[{"count":55,"href":"https:\/\/hpc.sera-web.com\/index.php?rest_route=\/wp\/v2\/pages\/477\/revisions"}],"predecessor-version":[{"id":1115,"href":"https:\/\/hpc.sera-web.com\/index.php?rest_route=\/wp\/v2\/pages\/477\/revisions\/1115"}],"up":[{"embeddable":true,"href":"https:\/\/hpc.sera-web.com\/index.php?rest_route=\/wp\/v2\/pages\/449"}],"wp:featuredmedia":[{"embeddable":true,"href":"https:\/\/hpc.sera-web.com\/index.php?rest_route=\/wp\/v2\/media\/1005"}],"wp:attachment":[{"href":"https:\/\/hpc.sera-web.com\/index.php?rest_route=%2Fwp%2Fv2%2Fmedia&parent=477"}],"curies":[{"name":"wp","href":"https:\/\/api.w.org\/{rel}","templated":true}]}}