{"id":623,"date":"2023-03-06T15:27:07","date_gmt":"2023-03-06T14:27:07","guid":{"rendered":"https:\/\/hpc.sera-web.com\/?page_id=623"},"modified":"2023-03-31T13:22:22","modified_gmt":"2023-03-31T11:22:22","slug":"lkw-tankinnenreinigung","status":"publish","type":"page","link":"https:\/\/hpc.sera-web.com\/?page_id=623","title":{"rendered":"LKW-Tankinnenreinigung"},"content":{"rendered":"\t\t<div data-elementor-type=\"wp-page\" data-elementor-id=\"623\" class=\"elementor elementor-623\" data-elementor-post-type=\"page\">\n\t\t\t\t\t\t<section class=\"elementor-section elementor-top-section elementor-element elementor-element-74ee6c3c elementor-section-boxed elementor-section-height-default elementor-section-height-default\" data-id=\"74ee6c3c\" data-element_type=\"section\" data-e-type=\"section\">\n\t\t\t\t\t\t<div class=\"elementor-container elementor-column-gap-no\">\n\t\t\t\t\t<div class=\"elementor-column elementor-col-100 elementor-top-column elementor-element elementor-element-799da08b\" data-id=\"799da08b\" data-element_type=\"column\" data-e-type=\"column\">\n\t\t\t<div class=\"elementor-widget-wrap elementor-element-populated\">\n\t\t\t\t\t\t<div class=\"elementor-element elementor-element-2eaf040f elementor-widget elementor-widget-heading\" data-id=\"2eaf040f\" data-element_type=\"widget\" data-e-type=\"widget\" data-widget_type=\"heading.default\">\n\t\t\t\t<div class=\"elementor-widget-container\">\n\t\t\t\t\t<h1 class=\"elementor-heading-title elementor-size-default\">LKW-Tankinnenreinigung<\/h1>\t\t\t\t<\/div>\n\t\t\t\t<\/div>\n\t\t\t\t<section class=\"elementor-section elementor-inner-section elementor-element elementor-element-5868f0ec elementor-section-boxed elementor-section-height-default elementor-section-height-default\" data-id=\"5868f0ec\" data-element_type=\"section\" data-e-type=\"section\">\n\t\t\t\t\t\t<div class=\"elementor-container elementor-column-gap-no\">\n\t\t\t\t\t<div class=\"elementor-column elementor-col-50 elementor-inner-column elementor-element elementor-element-5bfa2181\" data-id=\"5bfa2181\" data-element_type=\"column\" data-e-type=\"column\">\n\t\t\t<div class=\"elementor-widget-wrap elementor-element-populated\">\n\t\t\t\t\t\t<div class=\"elementor-element elementor-element-d1c01c2 elementor-widget elementor-widget-text-editor\" data-id=\"d1c01c2\" data-element_type=\"widget\" data-e-type=\"widget\" data-widget_type=\"text-editor.default\">\n\t\t\t\t<div class=\"elementor-widget-container\">\n\t\t\t\t\t\t\t\t\t<p><strong>sera<\/strong> ist ein weltweit agierendes Umwelttechnikunternehmen mit jahrzehntelanger Erfahrung im Bereich der Hochdruck- und Dosiertechnik. sera bietet f\u00fcr jede LKW-Tankinnenreinigung eine individuell auf die Kundenanforderung angepasste All-in-one-L\u00f6sung die alle notwendigen Prozessschritte abbildet:<\/p>\t\t\t\t\t\t\t\t<\/div>\n\t\t\t\t<\/div>\n\t\t\t\t<div class=\"elementor-element elementor-element-25b9a87 bluebox elementor-widget elementor-widget-text-editor\" data-id=\"25b9a87\" data-element_type=\"widget\" data-e-type=\"widget\" id=\"bluebox\" data-widget_type=\"text-editor.default\">\n\t\t\t\t<div class=\"elementor-widget-container\">\n\t\t\t\t\t\t\t\t\t<ul><li>Umf\u00fcllen der Chemikalien \/ Reinigungsmittel<\/li><li>Dosieren der Chemikalien \/ Reinigungsmittel<\/li><li>Hochdrucktechnik f\u00fcr Innen- und Au\u00dfenreinigung<\/li><li>Hochdruckreiniger f\u00fcr Au\u00dfenreinigung<\/li><li>Zubeh\u00f6r f\u00fcr Hochdruckreiniger<\/li><li>Tankwaschk\u00f6pfe f\u00fcr die Tankinnenreinigung<\/li><\/ul>\t\t\t\t\t\t\t\t<\/div>\n\t\t\t\t<\/div>\n\t\t\t\t<div class=\"elementor-element elementor-element-f916592 elementor-widget elementor-widget-text-editor\" data-id=\"f916592\" data-element_type=\"widget\" data-e-type=\"widget\" data-widget_type=\"text-editor.default\">\n\t\t\t\t<div class=\"elementor-widget-container\">\n\t\t\t\t\t\t\t\t\tAlle Industrieanlagen sind aufeinander abgestimmt und f\u00fcr Brauchwasser, Hei\u00dfwasser sowie f\u00fcr den 24h Betrieb geeignet. \t\t\t\t\t\t\t\t<\/div>\n\t\t\t\t<\/div>\n\t\t\t\t<div class=\"elementor-element elementor-element-5a75cb2 elementor-widget elementor-widget-heading\" data-id=\"5a75cb2\" data-element_type=\"widget\" data-e-type=\"widget\" data-widget_type=\"heading.default\">\n\t\t\t\t<div class=\"elementor-widget-container\">\n\t\t\t\t\t<h2 class=\"elementor-heading-title elementor-size-default\">Abwasserbehandlung<\/h2>\t\t\t\t<\/div>\n\t\t\t\t<\/div>\n\t\t\t\t<div class=\"elementor-element elementor-element-a85cf78 elementor-widget elementor-widget-text-editor\" data-id=\"a85cf78\" data-element_type=\"widget\" data-e-type=\"widget\" data-widget_type=\"text-editor.default\">\n\t\t\t\t<div class=\"elementor-widget-container\">\n\t\t\t\t\t\t\t\t\t<p>Die Aufbereitung von Abwasser im Prozess der Tankwageninnenreinigung erm\u00f6glicht den Wiedereinsatz des Wassers und unterst\u00fctzt somit eine nachhaltige und wirtschaftliche Reinigung. Daher wird das <strong>sera<\/strong> Produktangebot um die Auslegung und Produktion von All-in-one-L\u00f6sungen f\u00fcr eine vollwertige Abwasseraufbereitung einer LKW-Tankinnenreinigung erg\u00e4nzt:<\/p>\t\t\t\t\t\t\t\t<\/div>\n\t\t\t\t<\/div>\n\t\t\t\t<div class=\"elementor-element elementor-element-e0e232f bluebox elementor-widget elementor-widget-text-editor\" data-id=\"e0e232f\" data-element_type=\"widget\" data-e-type=\"widget\" data-widget_type=\"text-editor.default\">\n\t\t\t\t<div class=\"elementor-widget-container\">\n\t\t\t\t\t\t\t\t\t<ul><li>Ansetz- und Dosiersystem f\u00fcr polymere Flockungshilfsmittel<\/li><li>F\u00e4llmitteldosierstation<\/li><li>Neutralisationsanlagen<\/li><li>Steuerungstechnik<\/li><li>S\u00e4mtliches Zubeh\u00f6r wie Sauglanzen, Impfarmaturen, Auffangwannen und Verbindungsmaterialien<\/li><\/ul>\t\t\t\t\t\t\t\t<\/div>\n\t\t\t\t<\/div>\n\t\t\t\t<div class=\"elementor-element elementor-element-8d056a6 elementor-widget elementor-widget-heading\" data-id=\"8d056a6\" data-element_type=\"widget\" data-e-type=\"widget\" data-widget_type=\"heading.default\">\n\t\t\t\t<div class=\"elementor-widget-container\">\n\t\t\t\t\t<h2 class=\"elementor-heading-title elementor-size-default\">Downloads<\/h2>\t\t\t\t<\/div>\n\t\t\t\t<\/div>\n\t\t\t\t<div class=\"elementor-element elementor-element-921c79e elementor-position-inline-start elementor-view-default elementor-mobile-position-block-start elementor-widget elementor-widget-icon-box\" data-id=\"921c79e\" data-element_type=\"widget\" data-e-type=\"widget\" data-widget_type=\"icon-box.default\">\n\t\t\t\t<div class=\"elementor-widget-container\">\n\t\t\t\t\t\t\t<div class=\"elementor-icon-box-wrapper\">\n\n\t\t\t\t\t\t<div class=\"elementor-icon-box-icon\">\n\t\t\t\t<a href=\"https:\/\/www.sera-web.com\/pdf\/hochdrucktechnik\/ms-4001_01_de_lkw_tankreinigung.pdf\" target=\"_blank\" class=\"elementor-icon\" tabindex=\"-1\" aria-label=\"Produktinformation\">\n\t\t\t\t<i aria-hidden=\"true\" class=\"far fa-file-pdf\"><\/i>\t\t\t\t<\/a>\n\t\t\t<\/div>\n\t\t\t\n\t\t\t\t\t\t<div class=\"elementor-icon-box-content\">\n\n\t\t\t\t\t\t\t\t\t<h3 class=\"elementor-icon-box-title\">\n\t\t\t\t\t\t<a href=\"https:\/\/www.sera-web.com\/pdf\/hochdrucktechnik\/ms-4001_01_de_lkw_tankreinigung.pdf\" target=\"_blank\" >\n\t\t\t\t\t\t\tProduktinformation\t\t\t\t\t\t<\/a>\n\t\t\t\t\t<\/h3>\n\t\t\t\t\n\t\t\t\t\n\t\t\t<\/div>\n\t\t\t\n\t\t<\/div>\n\t\t\t\t\t\t<\/div>\n\t\t\t\t<\/div>\n\t\t\t\t\t<\/div>\n\t\t<\/div>\n\t\t\t\t<div class=\"elementor-column elementor-col-50 elementor-inner-column elementor-element elementor-element-4be1cc8b\" data-id=\"4be1cc8b\" data-element_type=\"column\" data-e-type=\"column\">\n\t\t\t<div class=\"elementor-widget-wrap elementor-element-populated\">\n\t\t\t\t\t\t<div class=\"elementor-element elementor-element-3304f13 elementor-widget elementor-widget-image\" data-id=\"3304f13\" data-element_type=\"widget\" data-e-type=\"widget\" data-widget_type=\"image.default\">\n\t\t\t\t<div class=\"elementor-widget-container\">\n\t\t\t\t\t\t\t\t\t\t\t\t\t\t\t<img fetchpriority=\"high\" decoding=\"async\" width=\"1024\" height=\"682\" src=\"https:\/\/hpc.sera-web.com\/wp-content\/uploads\/2023\/03\/Behaelterreinigung-LKW-1-1024x682.png\" class=\"attachment-large size-large wp-image-670\" alt=\"LKW-Tankinnenreinigng. Ein LKW wird mit einem Hochdruckreiniger gereinigt\" srcset=\"https:\/\/hpc.sera-web.com\/wp-content\/uploads\/2023\/03\/Behaelterreinigung-LKW-1-1024x682.png 1024w, https:\/\/hpc.sera-web.com\/wp-content\/uploads\/2023\/03\/Behaelterreinigung-LKW-1-300x200.png 300w, https:\/\/hpc.sera-web.com\/wp-content\/uploads\/2023\/03\/Behaelterreinigung-LKW-1-768x512.png 768w, https:\/\/hpc.sera-web.com\/wp-content\/uploads\/2023\/03\/Behaelterreinigung-LKW-1.png 1100w\" sizes=\"(max-width: 1024px) 100vw, 1024px\" \/>\t\t\t\t\t\t\t\t\t\t\t\t\t\t\t<\/div>\n\t\t\t\t<\/div>\n\t\t\t\t<div class=\"elementor-element elementor-element-003c090 elementor-widget elementor-widget-heading\" data-id=\"003c090\" data-element_type=\"widget\" data-e-type=\"widget\" data-widget_type=\"heading.default\">\n\t\t\t\t<div class=\"elementor-widget-container\">\n\t\t\t\t\t<h2 class=\"elementor-heading-title elementor-size-default\">Komplettl\u00f6sungen aus einer Hand<\/h2>\t\t\t\t<\/div>\n\t\t\t\t<\/div>\n\t\t\t\t<div class=\"elementor-element elementor-element-064cf3f elementor-widget elementor-widget-text-editor\" data-id=\"064cf3f\" data-element_type=\"widget\" data-e-type=\"widget\" data-widget_type=\"text-editor.default\">\n\t\t\t\t<div class=\"elementor-widget-container\">\n\t\t\t\t\t\t\t\t\t<p><strong>sera<\/strong> bietet Komplettl\u00f6sungen aus einer Hand, aber nat\u00fcrlich ist auch der Kauf einzelner Komponenten m\u00f6glich:<\/p>\t\t\t\t\t\t\t\t<\/div>\n\t\t\t\t<\/div>\n\t\t\t\t<div class=\"elementor-element elementor-element-c19569d bluebox elementor-widget elementor-widget-text-editor\" data-id=\"c19569d\" data-element_type=\"widget\" data-e-type=\"widget\" data-widget_type=\"text-editor.default\">\n\t\t\t\t<div class=\"elementor-widget-container\">\n\t\t\t\t\t\t\t\t\t<ul><li>Hochdruckpumpen f\u00fcr den Dauerbetrieb<\/li><li>Tankwaschk\u00f6pfe<\/li><li>Dosierpumpen zur Reinigungsmitteldosierung<\/li><li>Pumpen zum Umf\u00fcllen der Chemie<\/li><li>Wasseraufbereitung \/ Polymeranlagen aus eigener Herstellung<\/li><li>Steuerungstechnik<\/li><li>Zubeh\u00f6r wie Schlauchaufroller, HD &#8211; Lanzen, Schl\u00e4uche etc.<\/li><\/ul>\t\t\t\t\t\t\t\t<\/div>\n\t\t\t\t<\/div>\n\t\t\t\t\t<\/div>\n\t\t<\/div>\n\t\t\t\t\t<\/div>\n\t\t<\/section>\n\t\t\t\t\t<\/div>\n\t\t<\/div>\n\t\t\t\t\t<\/div>\n\t\t<\/section>\n\t\t\t\t<\/div>\n\t\t","protected":false},"excerpt":{"rendered":"<p>LKW-Tankinnenreinigung sera ist ein weltweit agierendes Umwelttechnikunternehmen mit jahrzehntelanger Erfahrung im Bereich der Hochdruck- und Dosiertechnik. sera bietet f\u00fcr jede LKW-Tankinnenreinigung eine individuell auf die Kundenanforderung angepasste All-in-one-L\u00f6sung die alle notwendigen Prozessschritte abbildet: Umf\u00fcllen der Chemikalien \/ Reinigungsmittel Dosieren der Chemikalien \/ Reinigungsmittel Hochdrucktechnik f\u00fcr Innen- und Au\u00dfenreinigung Hochdruckreiniger f\u00fcr Au\u00dfenreinigung Zubeh\u00f6r f\u00fcr Hochdruckreiniger Tankwaschk\u00f6pfe [&hellip;]<\/p>\n","protected":false},"author":1,"featured_media":507,"parent":457,"menu_order":0,"comment_status":"closed","ping_status":"closed","template":"","meta":{"site-sidebar-layout":"no-sidebar","site-content-layout":"page-builder","ast-site-content-layout":"","site-content-style":"default","site-sidebar-style":"default","ast-global-header-display":"disabled","ast-banner-title-visibility":"","ast-main-header-display":"","ast-hfb-above-header-display":"","ast-hfb-below-header-display":"","ast-hfb-mobile-header-display":"","site-post-title":"disabled","ast-breadcrumbs-content":"","ast-featured-img":"disabled","footer-sml-layout":"disabled","theme-transparent-header-meta":"","adv-header-id-meta":"","stick-header-meta":"","header-above-stick-meta":"","header-main-stick-meta":"","header-below-stick-meta":"","astra-migrate-meta-layouts":"default","ast-page-background-enabled":"default","ast-page-background-meta":{"desktop":{"background-color":"var(--ast-global-color-4)","background-image":"","background-repeat":"repeat","background-position":"center center","background-size":"auto","background-attachment":"scroll","background-type":"","background-media":"","overlay-type":"","overlay-color":"","overlay-opacity":"","overlay-gradient":""},"tablet":{"background-color":"","background-image":"","background-repeat":"repeat","background-position":"center center","background-size":"auto","background-attachment":"scroll","background-type":"","background-media":"","overlay-type":"","overlay-color":"","overlay-opacity":"","overlay-gradient":""},"mobile":{"background-color":"","background-image":"","background-repeat":"repeat","background-position":"center center","background-size":"auto","background-attachment":"scroll","background-type":"","background-media":"","overlay-type":"","overlay-color":"","overlay-opacity":"","overlay-gradient":""}},"ast-content-background-meta":{"desktop":{"background-color":"var(--ast-global-color-5)","background-image":"","background-repeat":"repeat","background-position":"center center","background-size":"auto","background-attachment":"scroll","background-type":"","background-media":"","overlay-type":"","overlay-color":"","overlay-opacity":"","overlay-gradient":""},"tablet":{"background-color":"var(--ast-global-color-5)","background-image":"","background-repeat":"repeat","background-position":"center center","background-size":"auto","background-attachment":"scroll","background-type":"","background-media":"","overlay-type":"","overlay-color":"","overlay-opacity":"","overlay-gradient":""},"mobile":{"background-color":"var(--ast-global-color-5)","background-image":"","background-repeat":"repeat","background-position":"center center","background-size":"auto","background-attachment":"scroll","background-type":"","background-media":"","overlay-type":"","overlay-color":"","overlay-opacity":"","overlay-gradient":""}},"footnotes":""},"class_list":["post-623","page","type-page","status-publish","has-post-thumbnail","hentry"],"yoast_head":"<!-- This site is optimized with the Yoast SEO plugin v22.9 - https:\/\/yoast.com\/wordpress\/plugins\/seo\/ -->\n<title>LKW-Tankinnenreinigung - High Pressure Cleaning<\/title>\n<meta name=\"description\" content=\"sera bietet f\u00fcr jede LKW-Tankinnenreinigung eine individuell auf die Kundenanforderung angepasste All-in-one-L\u00f6sung.\" \/>\n<meta name=\"robots\" content=\"index, follow, max-snippet:-1, max-image-preview:large, max-video-preview:-1\" \/>\n<link rel=\"canonical\" href=\"https:\/\/hpc.sera-web.com\/?page_id=623\" \/>\n<meta property=\"og:locale\" content=\"de_DE\" \/>\n<meta property=\"og:type\" content=\"article\" \/>\n<meta property=\"og:title\" content=\"LKW-Tankinnenreinigung - High Pressure Cleaning\" \/>\n<meta property=\"og:description\" content=\"sera bietet f\u00fcr jede LKW-Tankinnenreinigung eine individuell auf die Kundenanforderung angepasste All-in-one-L\u00f6sung.\" \/>\n<meta property=\"og:url\" content=\"https:\/\/hpc.sera-web.com\/?page_id=623\" \/>\n<meta property=\"og:site_name\" content=\"High Pressure Cleaning\" \/>\n<meta property=\"article:modified_time\" content=\"2023-03-31T11:22:22+00:00\" \/>\n<meta property=\"og:image\" content=\"https:\/\/hpc.sera-web.com\/wp-content\/uploads\/2023\/02\/Behaelterreinigung-LKW_RGB.jpg\" \/>\n\t<meta property=\"og:image:width\" content=\"1800\" \/>\n\t<meta property=\"og:image:height\" content=\"1200\" \/>\n\t<meta property=\"og:image:type\" content=\"image\/jpeg\" \/>\n<meta name=\"twitter:card\" content=\"summary_large_image\" \/>\n<meta name=\"twitter:label1\" content=\"Gesch\u00e4tzte Lesezeit\" \/>\n\t<meta name=\"twitter:data1\" content=\"2\u00a0Minuten\" \/>\n<script type=\"application\/ld+json\" class=\"yoast-schema-graph\">{\"@context\":\"https:\/\/schema.org\",\"@graph\":[{\"@type\":\"WebPage\",\"@id\":\"https:\/\/hpc.sera-web.com\/?page_id=623\",\"url\":\"https:\/\/hpc.sera-web.com\/?page_id=623\",\"name\":\"LKW-Tankinnenreinigung - High Pressure Cleaning\",\"isPartOf\":{\"@id\":\"https:\/\/hpc.sera-web.com\/#website\"},\"primaryImageOfPage\":{\"@id\":\"https:\/\/hpc.sera-web.com\/?page_id=623#primaryimage\"},\"image\":{\"@id\":\"https:\/\/hpc.sera-web.com\/?page_id=623#primaryimage\"},\"thumbnailUrl\":\"https:\/\/hpc.sera-web.com\/wp-content\/uploads\/2023\/02\/Behaelterreinigung-LKW_RGB.jpg\",\"datePublished\":\"2023-03-06T14:27:07+00:00\",\"dateModified\":\"2023-03-31T11:22:22+00:00\",\"description\":\"sera bietet f\u00fcr jede LKW-Tankinnenreinigung eine individuell auf die Kundenanforderung angepasste All-in-one-L\u00f6sung.\",\"breadcrumb\":{\"@id\":\"https:\/\/hpc.sera-web.com\/?page_id=623#breadcrumb\"},\"inLanguage\":\"de\",\"potentialAction\":[{\"@type\":\"ReadAction\",\"target\":[\"https:\/\/hpc.sera-web.com\/?page_id=623\"]}]},{\"@type\":\"ImageObject\",\"inLanguage\":\"de\",\"@id\":\"https:\/\/hpc.sera-web.com\/?page_id=623#primaryimage\",\"url\":\"https:\/\/hpc.sera-web.com\/wp-content\/uploads\/2023\/02\/Behaelterreinigung-LKW_RGB.jpg\",\"contentUrl\":\"https:\/\/hpc.sera-web.com\/wp-content\/uploads\/2023\/02\/Behaelterreinigung-LKW_RGB.jpg\",\"width\":1800,\"height\":1200},{\"@type\":\"BreadcrumbList\",\"@id\":\"https:\/\/hpc.sera-web.com\/?page_id=623#breadcrumb\",\"itemListElement\":[{\"@type\":\"ListItem\",\"position\":1,\"name\":\"Startseite\",\"item\":\"https:\/\/hpc.sera-web.com\/\"},{\"@type\":\"ListItem\",\"position\":2,\"name\":\"Start\",\"item\":\"https:\/\/hpc.sera-web.com\/\"},{\"@type\":\"ListItem\",\"position\":3,\"name\":\"Anwendungen\",\"item\":\"https:\/\/hpc.sera-web.com\/?page_id=457\"},{\"@type\":\"ListItem\",\"position\":4,\"name\":\"LKW-Tankinnenreinigung\"}]},{\"@type\":\"WebSite\",\"@id\":\"https:\/\/hpc.sera-web.com\/#website\",\"url\":\"https:\/\/hpc.sera-web.com\/\",\"name\":\"High Pressure Cleaning\",\"description\":\"sera GmbH\",\"publisher\":{\"@id\":\"https:\/\/hpc.sera-web.com\/#organization\"},\"potentialAction\":[{\"@type\":\"SearchAction\",\"target\":{\"@type\":\"EntryPoint\",\"urlTemplate\":\"https:\/\/hpc.sera-web.com\/?s={search_term_string}\"},\"query-input\":\"required name=search_term_string\"}],\"inLanguage\":\"de\"},{\"@type\":\"Organization\",\"@id\":\"https:\/\/hpc.sera-web.com\/#organization\",\"name\":\"sera Gruppe\",\"url\":\"https:\/\/hpc.sera-web.com\/\",\"logo\":{\"@type\":\"ImageObject\",\"inLanguage\":\"de\",\"@id\":\"https:\/\/hpc.sera-web.com\/#\/schema\/logo\/image\/\",\"url\":\"https:\/\/hpc.sera-web.com\/wp-content\/uploads\/2022\/06\/cropped-sera-icon.png\",\"contentUrl\":\"https:\/\/hpc.sera-web.com\/wp-content\/uploads\/2022\/06\/cropped-sera-icon.png\",\"width\":512,\"height\":512,\"caption\":\"sera Gruppe\"},\"image\":{\"@id\":\"https:\/\/hpc.sera-web.com\/#\/schema\/logo\/image\/\"}}]}<\/script>\n<!-- \/ Yoast SEO plugin. -->","yoast_head_json":{"title":"LKW-Tankinnenreinigung - High Pressure Cleaning","description":"sera bietet f\u00fcr jede LKW-Tankinnenreinigung eine individuell auf die Kundenanforderung angepasste All-in-one-L\u00f6sung.","robots":{"index":"index","follow":"follow","max-snippet":"max-snippet:-1","max-image-preview":"max-image-preview:large","max-video-preview":"max-video-preview:-1"},"canonical":"https:\/\/hpc.sera-web.com\/?page_id=623","og_locale":"de_DE","og_type":"article","og_title":"LKW-Tankinnenreinigung - High Pressure Cleaning","og_description":"sera bietet f\u00fcr jede LKW-Tankinnenreinigung eine individuell auf die Kundenanforderung angepasste All-in-one-L\u00f6sung.","og_url":"https:\/\/hpc.sera-web.com\/?page_id=623","og_site_name":"High Pressure Cleaning","article_modified_time":"2023-03-31T11:22:22+00:00","og_image":[{"width":1800,"height":1200,"url":"https:\/\/hpc.sera-web.com\/wp-content\/uploads\/2023\/02\/Behaelterreinigung-LKW_RGB.jpg","type":"image\/jpeg"}],"twitter_card":"summary_large_image","twitter_misc":{"Gesch\u00e4tzte Lesezeit":"2\u00a0Minuten"},"schema":{"@context":"https:\/\/schema.org","@graph":[{"@type":"WebPage","@id":"https:\/\/hpc.sera-web.com\/?page_id=623","url":"https:\/\/hpc.sera-web.com\/?page_id=623","name":"LKW-Tankinnenreinigung - High Pressure Cleaning","isPartOf":{"@id":"https:\/\/hpc.sera-web.com\/#website"},"primaryImageOfPage":{"@id":"https:\/\/hpc.sera-web.com\/?page_id=623#primaryimage"},"image":{"@id":"https:\/\/hpc.sera-web.com\/?page_id=623#primaryimage"},"thumbnailUrl":"https:\/\/hpc.sera-web.com\/wp-content\/uploads\/2023\/02\/Behaelterreinigung-LKW_RGB.jpg","datePublished":"2023-03-06T14:27:07+00:00","dateModified":"2023-03-31T11:22:22+00:00","description":"sera bietet f\u00fcr jede LKW-Tankinnenreinigung eine individuell auf die Kundenanforderung angepasste All-in-one-L\u00f6sung.","breadcrumb":{"@id":"https:\/\/hpc.sera-web.com\/?page_id=623#breadcrumb"},"inLanguage":"de","potentialAction":[{"@type":"ReadAction","target":["https:\/\/hpc.sera-web.com\/?page_id=623"]}]},{"@type":"ImageObject","inLanguage":"de","@id":"https:\/\/hpc.sera-web.com\/?page_id=623#primaryimage","url":"https:\/\/hpc.sera-web.com\/wp-content\/uploads\/2023\/02\/Behaelterreinigung-LKW_RGB.jpg","contentUrl":"https:\/\/hpc.sera-web.com\/wp-content\/uploads\/2023\/02\/Behaelterreinigung-LKW_RGB.jpg","width":1800,"height":1200},{"@type":"BreadcrumbList","@id":"https:\/\/hpc.sera-web.com\/?page_id=623#breadcrumb","itemListElement":[{"@type":"ListItem","position":1,"name":"Startseite","item":"https:\/\/hpc.sera-web.com\/"},{"@type":"ListItem","position":2,"name":"Start","item":"https:\/\/hpc.sera-web.com\/"},{"@type":"ListItem","position":3,"name":"Anwendungen","item":"https:\/\/hpc.sera-web.com\/?page_id=457"},{"@type":"ListItem","position":4,"name":"LKW-Tankinnenreinigung"}]},{"@type":"WebSite","@id":"https:\/\/hpc.sera-web.com\/#website","url":"https:\/\/hpc.sera-web.com\/","name":"High Pressure Cleaning","description":"sera GmbH","publisher":{"@id":"https:\/\/hpc.sera-web.com\/#organization"},"potentialAction":[{"@type":"SearchAction","target":{"@type":"EntryPoint","urlTemplate":"https:\/\/hpc.sera-web.com\/?s={search_term_string}"},"query-input":"required name=search_term_string"}],"inLanguage":"de"},{"@type":"Organization","@id":"https:\/\/hpc.sera-web.com\/#organization","name":"sera Gruppe","url":"https:\/\/hpc.sera-web.com\/","logo":{"@type":"ImageObject","inLanguage":"de","@id":"https:\/\/hpc.sera-web.com\/#\/schema\/logo\/image\/","url":"https:\/\/hpc.sera-web.com\/wp-content\/uploads\/2022\/06\/cropped-sera-icon.png","contentUrl":"https:\/\/hpc.sera-web.com\/wp-content\/uploads\/2022\/06\/cropped-sera-icon.png","width":512,"height":512,"caption":"sera Gruppe"},"image":{"@id":"https:\/\/hpc.sera-web.com\/#\/schema\/logo\/image\/"}}]}},"_links":{"self":[{"href":"https:\/\/hpc.sera-web.com\/index.php?rest_route=\/wp\/v2\/pages\/623","targetHints":{"allow":["GET"]}}],"collection":[{"href":"https:\/\/hpc.sera-web.com\/index.php?rest_route=\/wp\/v2\/pages"}],"about":[{"href":"https:\/\/hpc.sera-web.com\/index.php?rest_route=\/wp\/v2\/types\/page"}],"author":[{"embeddable":true,"href":"https:\/\/hpc.sera-web.com\/index.php?rest_route=\/wp\/v2\/users\/1"}],"replies":[{"embeddable":true,"href":"https:\/\/hpc.sera-web.com\/index.php?rest_route=%2Fwp%2Fv2%2Fcomments&post=623"}],"version-history":[{"count":48,"href":"https:\/\/hpc.sera-web.com\/index.php?rest_route=\/wp\/v2\/pages\/623\/revisions"}],"predecessor-version":[{"id":972,"href":"https:\/\/hpc.sera-web.com\/index.php?rest_route=\/wp\/v2\/pages\/623\/revisions\/972"}],"up":[{"embeddable":true,"href":"https:\/\/hpc.sera-web.com\/index.php?rest_route=\/wp\/v2\/pages\/457"}],"wp:featuredmedia":[{"embeddable":true,"href":"https:\/\/hpc.sera-web.com\/index.php?rest_route=\/wp\/v2\/media\/507"}],"wp:attachment":[{"href":"https:\/\/hpc.sera-web.com\/index.php?rest_route=%2Fwp%2Fv2%2Fmedia&parent=623"}],"curies":[{"name":"wp","href":"https:\/\/api.w.org\/{rel}","templated":true}]}}